). List the prime factors of 12/d + (-312)/(-9).
2, 17
List the prime factors of 12*7*60/14 + -2.
2, 179
Let c = -518 - -1387. What are the prime factors of c?
11, 79
Let k be (-15)/(-120) + (-681)/8. Suppose 4*y = 2*u - 3*u - 141, -2*y - u - 69 = 0. Let c = y - k. What are the prime factors of c?
7
Let b be (-24)/21*(-49)/(-14). Let z(i) = -69*i + 2. List the prime factors of z(b).
2, 139
Let m(s) be the second derivative of s**4/12 - 2*s**3/3 + s**2 - 4*s. Let t be m(4). Suppose 39 = t*p + p. List the prime factors of p.
13
Let j = -37 + -153. What are the prime factors of (j - 0)/(11 + -13)?
5, 19
Let u = -61 + 622. What are the prime factors of u?
3, 11, 17
Let v be -9 + 14 + -4 + 2. Suppose 5*h - v*b - 447 = 0, 3*h + 4*b + 0*b - 245 = 0. What are the prime factors of h?
3, 29
Suppose 5*u + 255 = 5*i, i - 4*u = -6*u + 66. What are the prime factors of i*24/(-7)*(-2)/8?
2, 3
Let p(d) = -3*d + 2 - 11*d - 8*d. What are the prime factors of p(-2)?
2, 23
Suppose -5*t = -4*p + 3614, p + 5*t - 1792 = -p. List the prime factors of p.
17, 53
Let i(h) = 4*h**3 - 5*h**2 + 11*h - 12. List the prime factors of i(5).
2, 11, 19
Suppose 4*k + 0*k = -4*y + 2392, 2*k + 5*y = 1211. What are the prime factors of k?
593
List the prime factors of -4 - -6 - 17255/(-7).
2467
What are the prime factors of ((-1288)/(-3))/(1/(4 - 1))?
2, 7, 23
Suppose t + 4*i = 719, i - 154 = -156. List the prime factors of t.
727
Let z = -57 - -72. Suppose 1684 = z*c + 124. List the prime factors of c.
2, 13
Let n(b) = -b**2 + 3*b + 27. Let l(y) = y**2 - 5*y - 28. Let j(h) = 4*l(h) + 5*n(h). What are the prime factors of j(-6)?
17
Let r = -46 + 45. List the prime factors of (-227)/(-4) + 2/8 - r.
2, 29
Suppose -s - 32 = -4*a - 5*s, -5*a + 25 = 2*s. Let v(b) = 26*b**2 - 13*b + 10. What are the prime factors of v(a)?
5, 41
Let q(b) = -11*b - 18. Let d be q(-10). Let y = 153 - d. What are the prime factors of y?
61
Let d(q) = -44*q**2 - 20*q + 5. Let v(t) = -15*t**2 - 7*t + 2. Let w(b) = -4*d(b) + 11*v(b). What are the prime factors of w(-1)?
2, 5
Suppose -3*u + 6 = -3*r, -9 + 3 = 5*u - r. Let f be -1*u/(-4)*-46. Suppose -4*j + 63 = f. What are the prime factors of j?
2, 5
Suppose -3*q + 12 = 2*p, 0*p = 4*p + 3*q - 24. Suppose 4 = p*h - 8*h. List the prime factors of (80/(-30))/(h/18).
2, 3
What are the prime factors of -1*515/(5 + -10)?
103
Let f(k) = k**3 + 8*k**2 - 4*k - 1. Let c be f(-8). Let g = -22 + c. List the prime factors of 390/g - (-1)/(-3).
43
Suppose 4*m - 319 = -n, 4*n + m = -m + 1290. List the prime factors of n.
17, 19
List the prime factors of -1 + -1 + (1477 - (16 + 0)).
1459
Suppose 136 = 8*k - 16*k. Suppose 5*o + n = 3*n - 259, 5*n - 61 = o. Let x = k - o. List the prime factors of x.
2, 17
Suppose -3*b - 3 = -78. Suppose -b - 35 = -4*v - 5*r, -3*r = -3*v + 45. What are the prime factors of v?
3, 5
Let o(r) = 21*r - 35. Let a be o(-9). Let u = -153 - a. List the prime factors of u.
71
Let t(w) = -w**2 + 8*w + 3. Let f be t(3). Let i = -9 + f. List the prime factors of i.
3
Suppose 2*h + 5*s - 1141 = 118, -h + 4*s = -662. What are the prime factors of h?
2, 3, 107
Let t be 2 + -1 + 2 + 2. Suppose t*m = -60 + 180. List the prime factors of m.
2, 3
Let p(m) be the third derivative of m**5/60 - m**4/2 + 6*m**2. Let n be p(10). Let q = n + 33. What are the prime factors of q?
13
Suppose -135 = 11*v - 3424. What are the prime factors of v?
13, 23
Let j = -14 + 9. Let u be (48/(-20))/(2/j). Suppose 35 = -q + u*q. List the prime factors of q.
7
Let a(h) = -h**3 - 12*h**2 + 13*h - 3. Let r(x) = x**2 - x. Let j(z) = -a(z) - 2*r(z). Let i be j(-11). List the prime factors of -51*(44/(-12) + i).
2, 17
Let g = 273 + 42. What are the prime factors of g?
3, 5, 7
Suppose z = -34*b + 29*b + 12358, -3*b - 2*z + 7412 = 0. List the prime factors of b.
2, 3, 103
List the prime factors of 20*(130/8)/1.
5, 13
Suppose 208 = -0*h - 8*h. Let p = h - -69. List the prime factors of p.
43
Let k = 48 + -42. List the prime factors of (115/2)/((-4)/(-14 + k)).
5, 23
Let l(h) = h**2 - 3*h + 5. Let d be l(0). Suppose -4*v + 3*o = 8*o - 333, 3*v = d*o + 276. What are the prime factors of v?
3, 29
Let f(g) = g**2 - 26*g + 118. List the prime factors of f(38).
2, 7, 41
Suppose 3*s = 7*s - 660. Suppose -y = 38 - s. List the prime factors of y.
127
Suppose -3*l = -v - 3*v + 15, 3*v = 5*l + 14. Let r(u) = u - 2*u - v + 2 + 8*u. List the prime factors of r(2).
13
Let d(r) = 162*r + 12. What are the prime factors of d(3)?
2, 3, 83
Let l(g) = g**2 - g - 2. Let s be l(3). Let m(b) = 2*b**2 - 5*b - 1. Let u be m(s). Suppose -3*p - 16 + 70 = 4*k, -k - 2*p + u = 0. List the prime factors of k.
3, 5
Let c(k) = -185*k**2 - 4*k + 2. Let p be c(1). Let r = 325 + p. List the prime factors of r.
2, 3, 23
Suppose 5*c = 2881 - 811. What are the prime factors of c?
2, 3, 23
Suppose -4*b + 10384 = 2756. What are the prime factors of b?
1907
Suppose -7*f + 0*f - 483 = 0. List the prime factors of (f + 4)*(-8)/10.
2, 13
Let k(t) = -6*t + 621. List the prime factors of k(36).
3, 5
Suppose 13*n - 9 = 17. Let u = 116 - n. List the prime factors of u.
2, 3, 19
Let t(h) = 2*h**2 - 9*h + 12. Let v be 7/((-49)/12)*-7. Suppose -v + 6 = -q. List the prime factors of t(q).
2, 3, 5
Let q(l) = -11*l**3 + 3*l**2 + 8*l - 4. Let w be q(-6). Suppose -16*t + 400 = -w. What are the prime factors of t?
3, 59
Let r(g) = g + 115. Let v be r(0). Suppose -5*s = -0*s - v. What are the prime factors of (s/(-2))/(3/(-6))?
23
List the prime factors of ((-45)/(-6))/((-2)/(-108)).
3, 5
Let u = -68 - -71. Suppose -106 = -u*h + 131. What are the prime factors of h?
79
Let x(l) = -373*l - 82. List the prime factors of x(-5).
1783
Let s(z) = 42*z**2 + 9. Let x be s(3). Suppose -99 = -i - 5*c, 0*c - 3*c = -3*i + x. List the prime factors of i.
2, 31
Let b(a) = a**2 - 5*a + 2. Let n be b(5). Let p(f) = f**3 + 14*f**2 + 7*f + 14. Let v be p(-14). What are the prime factors of (n/(-4))/(6/v)?
7
Let y = 654 + -377. List the prime factors of y.
277
Let n be (-1 - -1)/(2 + -4). Suppose -59 = -2*d + 3*u - 2*u, -4*u = -20. Suppose n*w + 4*w = d. What are the prime factors of w?
2
Suppose -2*a = -a - 4. Suppose 2*q = -4*n + 6, -n + 47 = -0*q + a*q. Suppose -14 - q = -3*y. What are the prime factors of y?
3
Suppose -71*n - 16 = -69*n. Let d(x) = -4*x - 9. What are the prime factors of d(n)?
23
What are the prime factors of ((-9084)/10)/((-24)/80*1)?
2, 757
Suppose -q - 3*q + j + 2966 = 0, -2236 = -3*q - 5*j. What are the prime factors of q?
2, 7, 53
Suppose 49 - 289 = -3*y. Let o(j) = y*j - 79*j + 6 - 1. List the prime factors of o(11).
2
Let s(q) = -q**3 + 11*q**2 + 14*q - 24. List the prime factors of s(10).
2, 3
Let x(j) = j + 1. Let d(g) = 5*g - 36. Let c(m) = d(m) + 6*x(m). List the prime factors of c(15).
3, 5
Let a = -5192 - -10259. List the prime factors of a.
3, 563
Let j(i) = -i**3 + i**2 + 23*i - 17. List the prime factors of j(-10).
853
Let i = -561 + 359. Let m = 415 + i. What are the prime factors of m?
3, 71
Let p be 3 - (18/4)/(3/(-4)). Let d = 31 - p. What are the prime factors of d?
2, 11
List the prime factors of (26 - 27)/(4/(-356)).
89
Let t = 660 - -1441. List the prime factors of t.
11, 191
Let t = -30 + 9. Let m = t - -54. What are the prime factors of 682/m - 2/3?
2, 5
Suppose 6 = 8*t - 5*t. What are the prime factors of 173/t + -2*1/4?
2, 43
Let o be 364/16 - (-9)/(-12). Suppose -o*k - 460 = -27*k. What are the prime factors of k?
2, 23
Let w be 85*(-2 + (-32)/(-10)). Let y = w + -67. What are the prime factors of y?
5, 7
Suppose 2*h + 3*h = 0. Suppose h = r - 2*r + 38. Suppose -21 = -a + r. What are the prime factors of a?
59
Suppose 4069 = 5*f + 2*h + 2*h, -3*h = 12. List the prime factors of f.
19, 43
Suppose -16*p + 21*p + 25 = 0, -4*o + p = -3209. What are the prime factors of o?
3, 89
Suppose -l + 6*v - 10 = 4*v, l = -3*v + 15. Suppose l*a - 4*a = -64. Let t = 63 - a. List the prime factors of t.
47
Suppose -5*l = -4*t + 48, 0 = -3*l - 5*t + 3*t - 42. What are the prime factors of (-53 + -4)*l/9?
2, 19
Suppose -5*a + 46 = -49. Let l = a + -23. List the prime factors of 42 - (-1)/(-2)*l.
2, 11
Let s(l) = -l**3 - 4*l**2 + 6*l + 5. Let z be s(-5). Suppose z = 3*y + v - 0 - 5, -4*y + 5*v - 25 = 0. List the prime factors of y*1/(-2) 